{"id":3,"date":"2021-01-28T11:41:49","date_gmt":"2021-01-28T11:41:49","guid":{"rendered":"http:\/\/vaquillaparedes.com\/?page_id=3"},"modified":"2022-10-13T10:08:36","modified_gmt":"2022-10-13T09:08:36","slug":"privacy-policy","status":"publish","type":"page","link":"https:\/\/vaquillaparedes.com\/?page_id=3","title":{"rendered":"Pol\u00edtica de Privacidad"},"content":{"rendered":"\n<h2>Quienes somos.<\/h2>\n\n\n\n<p>La asociaci\u00f3n de festejos La Vaquilla de paredes es una asociaci\u00f3n cultural sin animo de lucro dada de alta en el registro de asociaciones de Castilla La Mancha.<\/p>\n\n\n\n<p>Nuestra web es: http:\/\/vaquillaparedes.com.<\/p>\n\n\n\n<p><\/p>\n\n\n\n<h2>Protecci\u00f3n de los datos personales<\/h2>\n\n\n\n<h3>Protecci\u00f3n de datos de car\u00e1cter personal<\/h3>\n\n\n\n<p>ASOC. FESTEJOS LA VAQUILLA DE PAREDES, en aplicaci\u00f3n de la normativa vigente en materia de protecci\u00f3n de datos de car\u00e1cter personal, informa que los datos personales que se recogen a trav\u00e9s de los formularios del Sitio web: www.vaquillaparedes.com, se incluyen en los ficheros automatizados espec\u00edficos de usuarios de los servicios de ASOC. FESTEJOS LA VAQUILLA DE PAREDES<br>La recogida y tratamiento automatizado de los datos de car\u00e1cter personal tiene como finalidad el mantenimiento de la relaci\u00f3n comercial y el desempe\u00f1o de tareas de informaci\u00f3n, formaci\u00f3n, asesoramiento y otras actividades propias de ASOC. FESTEJOS LA VAQUILLA DE PAREDES<br>Estos datos \u00fanicamente ser\u00e1n cedidos a aquellas entidades que sean necesarias con el \u00fanico objetivo de dar cumplimiento a la finalidad anteriormente expuesta.<br>ASOC. FESTEJOS LA VAQUILLA DE PAREDES adopta las medidas necesarias para garantizar la seguridad, integridad y confidencialidad de los datos conforme a lo dispuesto en el Reglamento (UE) 2016\/679 del Parlamento Europeo y del Consejo, de 27 de abril de 2016, relativo a la protecci\u00f3n de las personas f\u00edsicas en lo que respecta al tratamiento de datos personales y a la libre circulaci\u00f3n de los mismos.<br>El usuario podr\u00e1 en cualquier momento ejercitar los derechos de acceso, oposici\u00f3n, rectificaci\u00f3n y cancelaci\u00f3n<br>reconocidos en el citado Reglamento (UE). El ejercicio de estos derechos puede realizarlo el propio usuario a trav\u00e9s de email a: info@vaquillaparedes.com.<br>El usuario manifiesta que todos los datos facilitados por \u00e9l son ciertos y correctos, y se compromete a mantenerlos actualizados, comunicando los cambios a info@vaquillaparedes.com<\/p>\n\n\n\n<h3>Finalidad del tratamiento de los datos personales<\/h3>\n\n\n\n<p>\u00bfCon qu\u00e9 finalidad trataremos tus datos personales?<br>En ASOC. FESTEJOS LA VAQUILLA DE PAREDES, trataremos tus datos personales recabados a trav\u00e9s del Sitio Web:<br>www.vaquillaparedes.com, con las siguiente finalidad:<\/p>\n\n\n\n<p>En caso de contrataci\u00f3n de los bienes y servicios ofertados a trav\u00e9s de www.vaquillaparedes.com, para mantener la relaci\u00f3n contractual, as\u00ed como la gesti\u00f3n, administraci\u00f3n, informaci\u00f3n, prestaci\u00f3n y mejora del servicio.<\/p>\n\n\n\n<p>No se permite la reproducci\u00f3n, publicaci\u00f3n y\/o uso no estrictamente privado de los contenidos, totales o parciales, del sitio web www.vaquillaparedes.com sin el consentimiento previo y por escrito.<\/p>\n\n\n\n<p><\/p>\n\n\n\n<h3>Propiedad intelectual de los contenidos alojados.<\/h3>\n\n\n\n<p>Se proh\u00edbe el uso contrario a la legislaci\u00f3n sobre propiedad intelectual de los servicios prestados por ASOC. FESTEJOS LA VAQUILLA DE PAREDES y, en particular de:<\/p>\n\n\n\n<p>La utilizaci\u00f3n que resulte contraria a las leyes espa\u00f1olas o que infrinja los derechos de terceros.<br>La publicaci\u00f3n o la transmisi\u00f3n de cualquier contenido que, a juicio de ASOC. FESTEJOS LA VAQUILLA DE PAREDES, resulte<br>violento, obsceno, abusivo, ilegal, racial, xen\u00f3fobo o difamatorio.<\/p>\n\n\n\n<p>Los cracks, n\u00fameros de serie de programas o cualquier otro contenido que vulnere derechos de la propiedad intelectual de terceros.<\/p>\n\n\n\n<p>La recogida y\/o utilizaci\u00f3n de datos personales de otros usuarios sin su consentimiento expreso o contraviniendo lo dispuesto en Reglamento (UE) 2016\/679 del Parlamento Europeo y del Consejo, de 27 de abril de 2016, relativo a la protecci\u00f3n de las personas f\u00edsicas en lo que respecta al tratamiento de datos personales y a la libre circulaci\u00f3n de los mismos.<\/p>\n\n\n\n<p>La utilizaci\u00f3n del servidor de correo del dominio y de las direcciones de correo electr\u00f3nico para el env\u00edo de correo masivo no deseado.<\/p>\n\n\n\n<p>El usuario tiene toda la responsabilidad sobre el contenido de su web, la informaci\u00f3n transmitida y almacenada, los enlaces de hipertexto, las reivindicaciones de terceros y las acciones legales en referencia a propiedad intelectual, derechos de terceros y protecci\u00f3n de menores.<br>El usuario es responsable respecto a las leyes y reglamentos en vigor y las reglas que tienen que ver con el funcionamiento del servicio online, comercio electr\u00f3nico, derechos de autor, mantenimiento del orden p\u00fablico, as\u00ed como principios universales de uso de Internet.<\/p>\n\n\n\n<h3>Protecci\u00f3n de la informaci\u00f3n alojada.<\/h3>\n\n\n\n<p>ASOC. FESTEJOS LA VAQUILLA DE PAREDES realiza copias de seguridad de los contenidos alojados en sus servidores, sin embargo, no se responsabiliza de la p\u00e9rdida o el borrado accidental de los datos por parte de los usuarios. De igual manera, no garantiza la reposici\u00f3n total de los datos borrados por los usuarios, ya que los citados datos podr\u00edan haber sido suprimidos y\/o modificados durante el periodo del tiempo transcurrido desde la \u00faltima copia de seguridad.<br>Los servicios ofertados, excepto los servicios espec\u00edficos de backup, no incluyen la reposici\u00f3n de los contenidos conservados en las copias de seguridad realizadas por www.vaquillaparedes.com, cuando esta p\u00e9rdida sea imputable al usuario; en este caso, se determinar\u00e1 una tarifa acorde a la complejidad y volumen de la recuperaci\u00f3n, siempre previa aceptaci\u00f3n del usuario.<\/p>\n\n\n\n<h3>\u00bfCu\u00e1nto tiempo se conservan los datos recabados?<\/h3>\n\n\n\n<p>Los datos personales proporcionados se conservar\u00e1n mientras se mantenga la relaci\u00f3n comercial o no solicites su supresi\u00f3n y durante el plazo por el cu\u00e1l pudieran derivarse responsabilidades legales por los servicios prestados.<br>Legitimaci\u00f3n:<br>El tratamiento de tus datos se realiza con las siguientes bases jur\u00eddicas que legitiman el mismo:<br>La solicitud de informaci\u00f3n y\/o la contrataci\u00f3n de los servicios de www.vaquillparedes.com, cuyos t\u00e9rminos y condiciones se pondr\u00e1n a tu disposici\u00f3n en todo caso, de forma previa a una eventual contrataci\u00f3n.<br>El consentimiento libre, espec\u00edfico, informado e inequ\u00edvoco, en tanto que te informamos poniendo a tu disposici\u00f3n la presente pol\u00edtica de privacidad, que tras la lectura de la misma, en caso de estar conforme, puedes aceptar mediante una declaraci\u00f3n o una clara acci\u00f3n afirmativa, como el marcado de una casilla dispuesta al efecto.<\/p>\n\n\n\n<p>En caso de que no nos facilites tus datos o lo hagas de forma err\u00f3nea o incompleta, no podremos atender tu solicitud, resultando del todo imposible proporcionarte la informaci\u00f3n solicitada o llevar a cabo la contrataci\u00f3n de los servicios.<\/p>\n\n\n\n<h2>Destinatarios:<\/h2>\n\n\n\n<p>Los datos no se comunicar\u00e1n a ning\u00fan tercero ajeno a www.vaquillparedes.com, salvo obligaci\u00f3n legal.<\/p>\n\n\n\n<h2>Retenci\u00f3n de datos:<\/h2>\n\n\n\n<p>ASOC. FESTEJOS LA VAQUILLA DE PAREDES informa de que, como prestador de servicio de alojamiento de datos y en virtud de lo establecido en la Ley 34\/2002 de 11 de julio de Servicios de la Sociedad de la Informaci\u00f3n y de Comercio Electr\u00f3nico (LSSI), retiene por un periodo m\u00e1ximo de 12 meses la informaci\u00f3n imprescindible para identificar el origen de los datos alojados y el momento en que se inici\u00f3 la prestaci\u00f3n del servicio. La retenci\u00f3n de estos datos no afecta al secreto de las comunicaciones y s\u00f3lo podr\u00e1n ser utilizados en el marco de una investigaci\u00f3n criminal o para la salvaguardia de la seguridad p\u00fablica, poni\u00e9ndose a disposici\u00f3n de los jueces y\/o tribunales o del Ministerio que as\u00ed los requiera.<br>La comunicaci\u00f3n de datos a las Fuerzas y Cuerpos del Estado se har\u00e1 en virtud a lo dispuesto en la normativa sobre protecci\u00f3n de datos personales.<\/p>\n\n\n\n<h2>Derechos de propiedad intelectual.<\/h2>\n\n\n\n<p>ASOC. FESTEJOS LA VAQUILLA DE PAREDES es titular de todos los derechos de autor, propiedad intelectual, industrial, &#8220;know how&#8221; y cuantos otros derechos guardan En relaci\u00f3n con los contenidos del sitio web www.vaquillaparedes.com y los servicios ofertados en el mismo, as\u00ed como de los programas necesarios para su implementaci\u00f3n y la informaci\u00f3n relacionada.<br>No se permite la reproducci\u00f3n, publicaci\u00f3n y\/o uso no estrictamente privado de los contenidos, totales o parciales, del sitio web www.vaquillaparedes.com sin el consentimiento previo y por escrito.<\/p>\n\n\n\n<h2>Informaci\u00f3n de contacto<\/h2>\n\n\n\n<p>Para cualquier duda o m\u00e1s informaci\u00f3n sobre nuestra pol\u00edtica de privacidad u otra informaci\u00f3n se puede contactar con nosotros a trav\u00e9s del correo electr\u00f3nico: info@vaquillparedes.com<\/p>\n","protected":false},"excerpt":{"rendered":"<p>Quienes somos. La asociaci\u00f3n de festejos La Vaquilla de paredes es una asociaci\u00f3n cultural sin animo de lucro dada de alta en el registro de asociaciones de Castilla La Mancha. Nuestra web es: http:\/\/vaquillaparedes.com. Protecci\u00f3n de los datos personales Protecci\u00f3n de datos de car\u00e1cter personal ASOC. FESTEJOS LA VAQUILLA DE PAREDES, en aplicaci\u00f3n de la &hellip; <a href=\"https:\/\/vaquillaparedes.com\/?page_id=3\" class=\"more-link\">Seguir leyendo <span class=\"screen-reader-text\">Pol\u00edtica de Privacidad<\/span><\/a><\/p>\n","protected":false},"author":1,"featured_media":0,"parent":0,"menu_order":0,"comment_status":"closed","ping_status":"open","template":"","meta":[],"_links":{"self":[{"href":"https:\/\/vaquillaparedes.com\/index.php?rest_route=\/wp\/v2\/pages\/3"}],"collection":[{"href":"https:\/\/vaquillaparedes.com\/index.php?rest_route=\/wp\/v2\/pages"}],"about":[{"href":"https:\/\/vaquillaparedes.com\/index.php?rest_route=\/wp\/v2\/types\/page"}],"author":[{"embeddable":true,"href":"https:\/\/vaquillaparedes.com\/index.php?rest_route=\/wp\/v2\/users\/1"}],"replies":[{"embeddable":true,"href":"https:\/\/vaquillaparedes.com\/index.php?rest_route=%2Fwp%2Fv2%2Fcomments&post=3"}],"version-history":[{"count":2,"href":"https:\/\/vaquillaparedes.com\/index.php?rest_route=\/wp\/v2\/pages\/3\/revisions"}],"predecessor-version":[{"id":841,"href":"https:\/\/vaquillaparedes.com\/index.php?rest_route=\/wp\/v2\/pages\/3\/revisions\/841"}],"wp:attachment":[{"href":"https:\/\/vaquillaparedes.com\/index.php?rest_route=%2Fwp%2Fv2%2Fmedia&parent=3"}],"curies":[{"name":"wp","href":"https:\/\/api.w.org\/{rel}","templated":true}]}}